{"id":56149,"date":"2026-09-01T16:48:33","date_gmt":"2026-09-01T14:48:33","guid":{"rendered":"https:\/\/konvent.cat\/?post_type=tribe_events&#038;p=56149"},"modified":"2026-09-01T17:05:35","modified_gmt":"2026-09-01T15:05:35","slug":"cromlec-residencia-intensiva-per-a-projectes-artistics-irresolts","status":"publish","type":"tribe_events","link":"http:\/\/konvent.cat\/en\/event\/cromlec-residencia-intensiva-per-a-projectes-artistics-irresolts\/","title":{"rendered":"CROMLEC.\u00a0Resid\u00e8ncia intensiva per a projectes art\u00edstics irresolts\u00a0"},"content":{"rendered":"<p><strong>einaidea<\/strong>\u00a0i\u00a0<strong>Convention<\/strong>\u00a0obren una convocat\u00f2ria de resid\u00e8ncia intensiva per a investigadors de qualsevol disciplina art\u00edstica interessats a compartir els seus processos de producci\u00f3\/experimentaci\u00f3 al llarg de deu dies la propera tardor.<\/p>\n<ul>\n<li>Convocat\u00f2ria oberta fins al 12 de setembre de 2026<\/li>\n<li>Dates de resid\u00e8ncia: Del 2 al 12 d&#8217;octubre del 2026<\/li>\n<li><\/li>\n<\/ul>\n<p>Buscant el di\u00e0leg entre fragments materials que acudeixen a una trobada, que se citen en un cercle, aquesta resid\u00e8ncia pren el nom de CROMLEC. Un &#8216;cromlec&#8217; no \u00e9s nom\u00e9s un recinte definit per pedres disposades circularment al terra, \u00e9s tamb\u00e9 una trobada en l&#8217;equidist\u00e0ncia variable, una temptativa entre la proximitat i la llunyania. Cada element d&#8217;aix\u00f2 que podria ser cercle t\u00e9 caracter\u00edstiques que el singularitzen i alhora el vinculen al conjunt, no nom\u00e9s espacialment, no necess\u00e0riament per la forma.<\/p>\n<p>Amb qu\u00e8 es pot fer un cromlec contemporani, amb quines coses equivalents o comparables a pedres, \u00e9s una pregunta que la convocat\u00f2ria mateixa de CROMLEC vol formular. \u00c9s tamb\u00e9 una invitaci\u00f3 a pensar des d&#8217;aquest cercle, format per projectes irresolts: un cercle de preguntes. Ara, l&#8217;interior del cercle podria postular-se com a escena din\u00e0mica i lleugera per a una cru\u00eflla de mirades, ones i entrella\u00e7ament de relacions. Aqu\u00ed es poden projectar els sabers, desitjos i records que comporta cada materialitat, cada \u201cpedra\u201d. El cromlec \u00e9s por\u00f3s, irregular, temporal, antisolemne.\u00a0Imaginem un CROMLEC fet de problemes que ens conviden a explorar les seves hist\u00f2ries i transformar els seus futurs.<\/p>\n<p>Cada participant contribuir\u00e0 al cercle amb un projecte enredat encara en la problem\u00e0tica del seu desenvolupament: una pe\u00e7a tangible o intangible, que existeix, per\u00f2 resistint-se encara, que demana ser posada en com\u00fa i explorada per altres, potser ser acabada col\u00b7lectivament, potser destru\u00efda, potser intercanviada o dissolta a l&#8217;ecosistema. CROMLEC \u00e9s un proc\u00e9s experimental fet de temps\u00a0i de poques premisses disposades\u00a0en una gran sala ru\u00efnosa.<\/p>\n<p>Qui vulgui participar-hi, pot enviar el seu portfolio i algun tipus de documentaci\u00f3, contextualitzant el projecte que voleu compartir, a\u00a0<a href=\"mailto:einaidea@eina.cat\">einaidea@eina.cat<\/a>\u00a0(especificant CROMLEC en l&#8217;assumpte del correu).<\/p>\n<p>&nbsp;<\/p>\n<p><strong>La resid\u00e8ncia tindr\u00e0 lloc del 2 al 12 d&#8217;octubre del 2026 a les instal\u00b7lacions de Konvent<\/strong>, antic convent reconvertit en espai de creaci\u00f3 situat a Cal Rosal (Berga, Catalunya).<\/p>\n<p><u>Qu\u00e8 ofereix la resid\u00e8ncia:<\/u><\/p>\n<ul>\n<li>Allotjament del 2 al 12 d&#8217;octubre del 2026<\/li>\n<li>Menjars inclosos durant l&#8217;estada (esmorzar, dinar, sopar)<\/li>\n<li>Estipendi de 300 \u20ac per participant<\/li>\n<li>Espai de treball col\u00b7lectiu a Konvent Zero<\/li>\n<li>Acompanyament curatorial i seguiment per part d&#8217;einaidea i Konvent Zero<\/li>\n<li>Despeses de despla\u00e7ament (transport p\u00fablic o combustible per a vehicle personal) des de Barcelona fins a Konvent<\/li>\n<li><\/li>\n<\/ul>\n<p><strong>Sol\u00b7licituds i criteris de selecci\u00f3:\u00a0<\/strong><\/p>\n<p><u>Les persones interessades han d&#8217;enviar:<\/u><\/p>\n<ul>\n<li><u>Portfolio<\/u>: Documentaci\u00f3 amb almenys 4 treballs previs. PDF o enlla\u00e7os a web, v\u00eddeos, publicacions, etc., si \u00e9s possible incloent-hi tamb\u00e9 una breu descripci\u00f3 general de la pr\u00e0ctica.<\/li>\n<li><u>Carta o nota explicativa de la proposta<\/u>: Haur\u00e0 d&#8217;especificar l&#8217;inter\u00e8s a participar a la resid\u00e8ncia i possibles l\u00ednies de treball o investigaci\u00f3 a desenvolupar durant l&#8217;estada, partint d&#8217;un projecte en curs i la realitzaci\u00f3 del qual pugui beneficiar-se de l&#8217;exploraci\u00f3 i\/o alteraci\u00f3 col\u00b7lectiva. Es valoraran especialment propostes sensibles al context, obertes a lintercanvi i a metodologies de treball cr\u00edtiques o processuals.<\/li>\n<\/ul>\n<p><u>Les persones participants es comprometen a<\/u>:<\/p>\n<ul>\n<li>Participar activament en la conviv\u00e8ncia i les trobades de la resid\u00e8ncia<\/li>\n<li>Respectar els espais i din\u00e0miques del lloc<\/li>\n<li>Participar en un esdeveniment final i posada en com\u00fa p\u00fablica en finalitzar la resid\u00e8ncia.<\/li>\n<\/ul>\n<p>L&#8217;autoria dels projectes i materials continuar\u00e0 pertanyent \u00edntegrament als seus creadors\/es. L&#8217;organitzaci\u00f3 podr\u00e0 fer servir imatges i documentaci\u00f3 de la resid\u00e8ncia exclusivament amb fins de comunicaci\u00f3 i arxiu, citant sempre l&#8217;autoria corresponent.<\/p>\n<p>&nbsp;<\/p>\n<ul>\n<li><a href=\"https:\/\/www.eina.cat\/ca\/cromlec\" target=\"_blank\" rel=\"noopener\">+ EINA IDEA BCN<\/a><\/li>\n<\/ul>","protected":false},"excerpt":{"rendered":"<p>einaidea\u00a0i\u00a0Konvent\u00a0obren una convocat\u00f2ria de resid\u00e8ncia intensiva per a investigadors de qualsevol disciplina art\u00edstica interessats a compartir els seus processos de producci\u00f3\/experimentaci\u00f3 al llarg de deu dies la propera tardor. Convocat\u00f2ria [&hellip;]<\/p>\n","protected":false},"author":1,"featured_media":56914,"template":"","meta":{"_EventAllDay":false,"_EventTimezone":"Europe\/Madrid","_EventStartDate":"2026-10-02 08:00:00","_EventEndDate":"2026-10-12 17:00:00","_EventStartDateUTC":"2026-10-02 06:00:00","_EventEndDateUTC":"2026-10-12 15:00:00","_EventShowMap":true,"_EventShowMapLink":true,"_EventURL":"","_EventCost":"","_EventCostDescription":"","_EventCurrencySymbol":"$","_EventCurrencyCode":"USD","_EventCurrencyPosition":"prefix","_EventDateTimeSeparator":"","_EventTimeRangeSeparator":"","_EventOrganizerID":[],"_EventVenueID":[],"_OrganizerEmail":"","_OrganizerPhone":"","_OrganizerWebsite":"","_VenueAddress":"","_VenueCity":"","_VenueCountry":"","_VenueProvince":"","_VenueState":"","_VenueZip":"","_VenuePhone":"","_VenueURL":"","_VenueStateProvince":"","_VenueLat":"","_VenueLng":"","_VenueShowMap":false,"_VenueShowMapLink":false,"_tribe_events_status":"","_tribe_events_status_reason":"","footnotes":""},"tags":[],"tribe_events_cat":[10],"class_list":["post-56149","tribe_events","type-tribe_events","status-publish","has-post-thumbnail","hentry","tribe_events_cat-residencia","cat_residencia"],"_links":{"self":[{"href":"http:\/\/konvent.cat\/en\/wp-json\/wp\/v2\/tribe_events\/56149","targetHints":{"allow":["GET"]}}],"collection":[{"href":"http:\/\/konvent.cat\/en\/wp-json\/wp\/v2\/tribe_events"}],"about":[{"href":"http:\/\/konvent.cat\/en\/wp-json\/wp\/v2\/types\/tribe_events"}],"author":[{"embeddable":true,"href":"http:\/\/konvent.cat\/en\/wp-json\/wp\/v2\/users\/1"}],"version-history":[{"count":1,"href":"http:\/\/konvent.cat\/en\/wp-json\/wp\/v2\/tribe_events\/56149\/revisions"}],"predecessor-version":[{"id":56438,"href":"http:\/\/konvent.cat\/en\/wp-json\/wp\/v2\/tribe_events\/56149\/revisions\/56438"}],"wp:featuredmedia":[{"embeddable":true,"href":"http:\/\/konvent.cat\/en\/wp-json\/wp\/v2\/media\/56914"}],"wp:attachment":[{"href":"http:\/\/konvent.cat\/en\/wp-json\/wp\/v2\/media?parent=56149"}],"wp:term":[{"taxonomy":"post_tag","embeddable":true,"href":"http:\/\/konvent.cat\/en\/wp-json\/wp\/v2\/tags?post=56149"},{"taxonomy":"tribe_events_cat","embeddable":true,"href":"http:\/\/konvent.cat\/en\/wp-json\/wp\/v2\/tribe_events_cat?post=56149"}],"curies":[{"name":"wp","href":"https:\/\/api.w.org\/{rel}","templated":true}]}}

CROMLEC. Residència intensiva per a projectes artístics irresolts

<p><strong>einaidea</strong> i <strong>Convention</strong> obren una convocatòria de residència intensiva per a investigadors de qualsevol disciplina artística interessats a compartir els seus processos de producció/experimentació al llarg de deu dies la propera tardor.</p>
<ul>
<li>Convocatòria oberta fins al 12 de setembre de 2026</li>
<li>Dates de residència: Del 2 al 12 d&#8217;octubre del 2026</li>
<li></li>
</ul>
<p>Buscant el diàleg entre fragments materials que acudeixen a una trobada, que se citen en un cercle, aquesta residència pren el nom de CROMLEC. Un &#8216;cromlec&#8217; no és només un recinte definit per pedres disposades circularment al terra, és també una trobada en l&#8217;equidistància variable, una temptativa entre la proximitat i la llunyania. Cada element d&#8217;això que podria ser cercle té característiques que el singularitzen i alhora el vinculen al conjunt, no només espacialment, no necessàriament per la forma.</p>
<p>Amb què es pot fer un cromlec contemporani, amb quines coses equivalents o comparables a pedres, és una pregunta que la convocatòria mateixa de CROMLEC vol formular. És també una invitació a pensar des d&#8217;aquest cercle, format per projectes irresolts: un cercle de preguntes. Ara, l&#8217;interior del cercle podria postular-se com a escena dinàmica i lleugera per a una cruïlla de mirades, ones i entrellaçament de relacions. Aquí es poden projectar els sabers, desitjos i records que comporta cada materialitat, cada “pedra”. El cromlec és porós, irregular, temporal, antisolemne. Imaginem un CROMLEC fet de problemes que ens conviden a explorar les seves històries i transformar els seus futurs.</p>
<p>Cada participant contribuirà al cercle amb un projecte enredat encara en la problemàtica del seu desenvolupament: una peça tangible o intangible, que existeix, però resistint-se encara, que demana ser posada en comú i explorada per altres, potser ser acabada col·lectivament, potser destruïda, potser intercanviada o dissolta a l&#8217;ecosistema. CROMLEC és un procés experimental fet de temps i de poques premisses disposades en una gran sala ruïnosa.</p>
<p>Qui vulgui participar-hi, pot enviar el seu portfolio i algun tipus de documentació, contextualitzant el projecte que voleu compartir, a <a href="mailto:einaidea@eina.cat">einaidea@eina.cat</a> (especificant CROMLEC en l&#8217;assumpte del correu).</p>
<p>&nbsp;</p>
<p><strong>La residència tindrà lloc del 2 al 12 d&#8217;octubre del 2026 a les instal·lacions de Konvent</strong>, antic convent reconvertit en espai de creació situat a Cal Rosal (Berga, Catalunya).</p>
<p><u>Què ofereix la residència:</u></p>
<ul>
<li>Allotjament del 2 al 12 d&#8217;octubre del 2026</li>
<li>Menjars inclosos durant l&#8217;estada (esmorzar, dinar, sopar)</li>
<li>Estipendi de 300 € per participant</li>
<li>Espai de treball col·lectiu a Konvent Zero</li>
<li>Acompanyament curatorial i seguiment per part d&#8217;einaidea i Konvent Zero</li>
<li>Despeses de desplaçament (transport públic o combustible per a vehicle personal) des de Barcelona fins a Konvent</li>
<li></li>
</ul>
<p><strong>Sol·licituds i criteris de selecció: </strong></p>
<p><u>Les persones interessades han d&#8217;enviar:</u></p>
<ul>
<li><u>Portfolio</u>: Documentació amb almenys 4 treballs previs. PDF o enllaços a web, vídeos, publicacions, etc., si és possible incloent-hi també una breu descripció general de la pràctica.</li>
<li><u>Carta o nota explicativa de la proposta</u>: Haurà d&#8217;especificar l&#8217;interès a participar a la residència i possibles línies de treball o investigació a desenvolupar durant l&#8217;estada, partint d&#8217;un projecte en curs i la realització del qual pugui beneficiar-se de l&#8217;exploració i/o alteració col·lectiva. Es valoraran especialment propostes sensibles al context, obertes a lintercanvi i a metodologies de treball crítiques o processuals.</li>
</ul>
<p><u>Les persones participants es comprometen a</u>:</p>
<ul>
<li>Participar activament en la convivència i les trobades de la residència</li>
<li>Respectar els espais i dinàmiques del lloc</li>
<li>Participar en un esdeveniment final i posada en comú pública en finalitzar la residència.</li>
</ul>
<p>L&#8217;autoria dels projectes i materials continuarà pertanyent íntegrament als seus creadors/es. L&#8217;organització podrà fer servir imatges i documentació de la residència exclusivament amb fins de comunicació i arxiu, citant sempre l&#8217;autoria corresponent.</p>
<p>&nbsp;</p>
<ul>
<li><a href="https://www.eina.cat/ca/cromlec" target="_blank" rel="noopener">+ EINA IDEA BCN</a></li>
</ul>

<p>einaidea i Konvent obren una convocatòria de residència intensiva per a investigadors de qualsevol disciplina artística interessats a compartir els seus processos de producció/experimentació al llarg de deu dies la propera tardor. Convocatòria [&hellip;]</p>
